s the hundreds digit of (-50)/(-10) - (-6446 - 1)?
4
Suppose -3*r + 23 = -5*u, 2*r + 2*r - 3*u = 38. Let d(h) = 3*h**3 - 4*h**3 + 2*h**2 + 2*h**2 + 8*h**2 + 11*h - r. What is the units digit of d(12)?
1
Let z(f) = f**3 + 11*f**2 + 4*f + 22. Let d be z(-11). Let y = 28 + d. Suppose 4*n - 450 = -y*n. What is the tens digit of n?
4
Suppose -2*b + 4*b + 13 = -5*a, b = 2*a - 20. Let m(y) = 2*y**2 + 21*y + 57. What is the units digit of m(b)?
5
Let b be 128/(-80)*(-75)/10. Suppose r = 5*d - 56, 0 = -2*d + r - 2*r + 28. What is the units digit of b/d*(-1 - -32)?
1
Let x(w) = -74*w**2 - 2*w - 1. Let v be x(-1). Let n(o) = -o**3 - 24*o**2 + 4*o + 37. Let y be n(-24). Let h = y - v. What is the units digit of h?
4
Let s(h) be the third derivative of h**5/20 - 5*h**4/24 - 17*h**3/6 + 58*h**2. What is the hundreds digit of s(-6)?
1
What is the hundreds digit of 2936*((-483)/(-84) - (-3)/(-4))?
6
Let l(b) = b**2 - 36*b + 31. Let k be l(12). Let v = k - -284. What is the units digit of v?
7
Suppose -j + 2*m + 17 = 2*j, -2*j - m + 16 = 0. Let f = j + -27. What is the units digit of 88/f*(-4 - 1)?
2
Suppose 11*p + 2*t - 32022 = 7*p, 0 = 3*t + 15. What is the thousands digit of p?
8
Let x(s) = -299*s**2 - 2*s + 5. Let l be x(3). Let y = l - -4076. Suppose k + y = 9*k. What is the units digit of k?
3
Let i be 18 - (1 + 2 - 0). Let y(k) = 179 + i + 16 - 2*k + k. What is the hundreds digit of y(0)?
2
Suppose 170*j = -182*j + 59*j + 9199614. What is the ten thousands digit of j?
3
Let h(m) = -1091*m + 923. What is the thousands digit of h(-3)?
4
Suppose 25 = 5*c, c - 51 = -5*l + 229. Let g = l - -316. What is the hundreds digit of g?
3
Suppose 35*w - 34 = -5*t + 37*w, -t = -w - 8. Let s(o) be the second derivative of 7*o**3/6 + 17*o**2/2 + o. What is the tens digit of s(t)?
5
Let f(l) = 24*l**2 + 139*l - 617. What is the hundreds digit of f(-50)?
4
What is the ten thousands digit of ((-216)/(-12) + 59)*194?
1
Let g(c) be the first derivative of -6 - 11/3*c**3 - 6*c - 13/2*c**2 - 1/2*c**4. What is the units digit of g(-6)?
8
Let d(k) = 11*k - 224*k**3 - 304*k**3 + 529*k**3 + 3 + 11*k**2. Let i = 10 - 16. What is the hundreds digit of d(i)?
1
Let o be (0 - 2)/(1/12*-3). What is the units digit of (-236)/((-44)/o + 5)?
2
Suppose p - 2*d = 6551, 0 = 5*p + 5*d - 2*d - 32716. Let s be p/15*(0 + 3). Suppose -851 - s = -12*j. What is the units digit of j?
0
Let w = 9210 + -3506. What is the tens digit of w?
0
Let w(h) = 5635*h - 819. What is the units digit of w(4)?
1
Let m be (-1 - (-2)/6)/(18/(-49977)). Let x = m + -850. What is the tens digit of x?
0
Let a(n) be the second derivative of n**4/6 - n**3/6 - 125*n**2/2 - 56*n. What is the hundreds digit of a(-14)?
2
Suppose 5*o + 11253 - 21397 - 78621 = 0. What is the thousands digit of o?
7
Let q(b) = 20*b**2 + 83*b - 462. What is the hundreds digit of q(6)?
7
Let y be (-906)/(-60)*-134 - 2/(-5). What is the hundreds digit of 10/(y/679 - -3)?
4
Let k = 123 + -192. Let q = k + 585. What is the hundreds digit of q?
5
Suppose 16*u = -5*o + 14*u + 305716, 4*o + u = 244574. What is the tens digit of o?
4
Let h(z) be the first derivative of -2*z - 34 + 1/2*z**2 + 230/3*z**3. What is the units digit of h(1)?
9
Suppose -5*h = -13*g + 18*g - 203205, -g = -2*h + 81261. What is the units digit of h?
4
What is the tens digit of (6 + 153784)/(-13)*-1?
3
Let i be 4/(-2 - (-9)/6). What is the units digit of (-14)/(-21)*(-2676)/i?
3
Suppose 10*a = -1877 - 14513. Let z = -975 - a. What is the tens digit of z?
6
Let c = 135 + -137. Let n(b) = 43*b**2 - 11*b - 20. What is the units digit of n(c)?
4
Let f = -102 - -101. Let h(c) = -620*c**3 + c**2 + c - 1. What is the units digit of h(f)?
9
Suppose 139*v + 23 = 116*v. What is the hundreds digit of 4/(-96)*-22299 - v/(-8)?
9
Let x(z) = -31*z - 2. Let r be x(-2). Let p = r - 60. What is the tens digit of 2*(-78)/(-4) - (p - -3)?
3
Let k be (-8)/36 + 20/9 + 2. Let t(y) = y - 38 + 5 - k*y. What is the tens digit of t(-22)?
3
Suppose -5*v = 19*v + v - 476275. What is the ten thousands digit of v?
1
Suppose -68*u + 74*u = 24. Suppose 0 = -4*j + m + u*m + 2003, 3*m - 15 = 0. What is the tens digit of j?
0
Let k = 8027 + 14067. What is the hundreds digit of k?
0
Let c = -105 - -110. Suppose -l + c*d - 114 = -579, -4*d - 467 = -l. What is the hundreds digit of l?
4
Let k(m) be the second derivative of m**5/15 - 19*m**4/8 + 8*m**3/3 + 17*m. Let o(y) be the second derivative of k(y). What is the tens digit of o(22)?
1
Let l(h) = 5*h**3 - 97*h**2 - 8*h + 9. What is the tens digit of l(21)?
6
Let p(s) = 683*s - 8607. What is the hundreds digit of p(52)?
9
Suppose -2*a + 641 = 4*s - 3*s, 3*s - 3*a = 1959. Let y = 1075 - s. What is the units digit of y?
6
What is the tens digit of -11 + 6437 - -7 - -8*1?
4
Suppose -2*q = 4*m - 20 + 4, 0 = -2*q - 4. Suppose -4*w = w - 2*x - 1214, 2*x = -m*w + 1226. What is the units digit of w?
4
Let c = -6166 - -10627. What is the tens digit of c?
6
What is the hundreds digit of ((-23554)/6)/((132/1386)/(10/(-35)))?
7
Let j(s) = 18*s**2 - 5*s + 1. What is the tens digit of j(7)?
4
Suppose 0 = 5*j - 4*d + 27, 2*j + d - 1 = -4. What is the units digit of j + (49*9 - (-4)/(-4))?
7
Let p(r) = -r**3 + 33*r**2 + 38*r - 449. What is the tens digit of p(22)?
1
Suppose 14358 = 2*b - 89*i + 88*i, 0 = b - i - 7178. What is the tens digit of b?
8
Suppose 0 = -3*f + 3*w - 3, -4*w + 1 = -3. Suppose f = 5*h - 6*h + 34. Suppose -v + h = -49. What is the tens digit of v?
8
Suppose 3 = -4*b + b - 4*o, 27 = 4*b - 5*o. Let j be b/(24/2966) - 2/(-8). Let n = j - 184. What is the tens digit of n?
8
Suppose 2*v - 3*w = -0*v - 2, 2 = 4*v - 3*w. Suppose -6 = -v*n - 2. Suppose n*r - 96 = -c + r, 0 = c - 5*r - 90. What is the tens digit of c?
9
Let o be 358/14 + 4*3/28. Suppose -o = -5*l - 1. Suppose -3*f - l*a = -275, -5*a + a - 103 = -f. What is the units digit of f?
5
Let i be (-2)/((-14)/(-35)) - -71. Suppose -4644 = 57*y - i*y. What is the units digit of y?
6
Let s = 78 - 66. Suppose -s*m + 2*m = -40. Suppose 25 = -5*v, -m*b + 4*v = v - 335. What is the units digit of b?
0
Let s(o) = -2*o**3 - 6*o**2 - 5*o - 5. Let z be s(-3). What is the tens digit of (76/z)/(24/1500)?
7
What is the units digit of 387/(-6)*344*(-13)/39?
6
Let z = 200 - 195. What is the units digit of (z - 0) + (-24)/6?
1
Suppose 8*t - 3230 - 378 = 0. Let d = -443 + t. What is the units digit of d?
8
Let f(b) = 107*b**2 + 50*b + 788. What is the ten thousands digit of f(-13)?
1
Suppose 49*b + 2*b = 408. Suppose -7*x + b*x = 4*q + 1248, 5*x + 2*q = 6350. What is the thousands digit of x?
1
Let o(w) be the second derivative of -w**5/60 + w**4/8 + 21*w**3 + 8*w**2 + 11*w. Let t(q) be the first derivative of o(q). What is the hundreds digit of t(0)?
1
Let j(a) = a**3 - 9*a**2 - 18*a + 13. Let p be j(13). What is the hundreds digit of 2/(-7) + (-13)/(p/(-34100))?
9
Suppose 5*j + 3*d = 6*d + 993, 2*j - 3*d - 390 = 0. Suppose 109 = 174*l + 105*l - 449. Suppose l*p - j - 219 = 0. What is the hundreds digit of p?
2
What is the thousands digit of ((-16293)/2)/(26/((-832)/48))?
5
Let d(p) = 475*p**2 + 511*p - 3505. What is the tens digit of d(7)?
4
Suppose 3*a = -5*p + 47 - 12, -35 = -4*p - a. Let l(t) = 3 + 9*t**2 - 6 - p*t + 8 + 5*t**2 - t**3. What is the tens digit of l(13)?
4
Suppose 0 = -4*v - 2*i + 204968, -2*v + 7*i + 102472 = 11*i. What is the ten thousands digit of v?
5
Suppose 174 = -10*s + 13*s. Let o = s - 59. What is the tens digit of o*(15 - 0)*-4?
6
Suppose -o - 4*h = -5*h - 704, -o - 5*h = -710. Suppose 4*z = 2309 - o. What is the units digit of z?
1
Suppose -96 = -16*a, 2*c - a - 3*a - 264 = 0. Let d(q) = -3*q**3 - q**2 + 1. Let i be d(-1). Suppose c = -i*j + 5*j. What is the tens digit of j?
7
What is the tens digit of (-1785)/((-289)/34 - -8)?
7
Suppose 25 = -5*x, -3*x - 269 = -2*u + 4292. What is the tens digit of u?
7
Let o(w) = -4*w + 4. Let u be o(1). Suppose -3*x + 1449 = -2*t + 5*t, 4*t - 2*x - 1956 = u. What is the units digit of t?
7
Suppose -544 = -6*i - 70. Let x = 309 + -155. Let w = i + x. What is the units digit of w?
3
Let z(t) = 4*t + 3. Let q be z(0). Suppose 0 = -4*o - 3*h + 620, q*h + 66 = o - 104. Suppose 0 = -8*b + 90 + o. What is the tens digit of b?
3
Let p(y) = 246*y + 1531. What is the thous